 of 15691555?
5
What is the hundred millions digit of 127825520?
1
What is the units digit of 451320059?
9
What is the tens digit of 13333906?
0
What is the hundred thousands digit of 7657788371?
7
What is the hundreds digit of 88861565?
5
What is the units digit of 24576863?
3
What is the tens digit of 231717759?
5
What is the hundred thousands digit of 132789104?
7
What is the tens digit of 9667775?
7
What is the hundreds digit of 79147150?
1
What is the tens digit of 372509697?
9
What is the units digit of 31065619?
9
What is the hundreds digit of 3465746734?
7
What is the ten thousands digit of 592375814?
7
What is the thousands digit of 1428301011?
1
What is the hundred millions digit of 6638096232?
6
What is the ten millions digit of 136857821?
3
What is the billions digit of 6744320077?
6
What is the ten millions digit of 305369925?
0
What is the thousands digit of 358151118?
1
What is the thousands digit of 429339155?
9
What is the hundred thousands digit of 2474651?
4
What is the ten millions digit of 341617517?
4
What is the hundred thousands digit of 167118191?
1
What is the ten thousands digit of 82614533?
1
What is the hundred thousands digit of 42846958?
8
What is the thousands digit of 21362205?
2
What is the millions digit of 221707191?
1
What is the hundred millions digit of 3579073768?
5
What is the tens digit of 1277335907?
0
What is the ten thousands digit of 1265710771?
1
What is the units digit of 482448863?
3
What is the millions digit of 11965446?
1
What is the tens digit of 2612355840?
4
What is the hundreds digit of 458912767?
7
What is the units digit of 235591309?
9
What is the millions digit of 5840039?
5
What is the ten thousands digit of 3303753346?
5
What is the thousands digit of 25977715?
7
What is the millions digit of 42951002?
2
What is the hundred thousands digit of 33810590?
8
What is the units digit of 61682566?
6
What is the hundred millions digit of 497090764?
4
What is the thousands digit of 41122910?
2
What is the ten millions digit of 31804580?
3
What is the tens digit of 236513927?
2
What is the hundred thousands digit of 119632106?
6
What is the tens digit of 2391068661?
6
What is the ten thousands digit of 3913079070?
7
What is the thousands digit of 1429560730?
0
What is the hundred thousands digit of 1686441220?
4
What is the hundreds digit of 4035604299?
2
What is the millions digit of 43864717?
3
What is the hundred thousands digit of 31568394?
5
What is the hundred thousands digit of 12392285?
3
What is the hundred millions digit of 802607821?
8
What is the ten millions digit of 8300110958?
0
What is the millions digit of 630789172?
0
What is the billions digit of 1184965942?
1
What is the hundred millions digit of 1148241291?
1
What is the thousands digit of 444183878?
3
What is the millions digit of 188104669?
8
What is the units digit of 531340317?
7
What is the millions digit of 5388267?
5
What is the tens digit of 62122137?
3
What is the ten thousands digit of 85083825?
8
What is the hundred thousands digit of 219428008?
4
What is the ten thousands digit of 8021696?
2
What is the millions digit of 1422126349?
2
What is the units digit of 744551086?
6
What is the tens digit of 43951028?
2
What is the hundred thousands digit of 1107316?
1
What is the thousands digit of 69407397?
7
What is the thousands digit of 556189808?
9
What is the tens digit of 359983100?
0
What is the hundred millions digit of 896826126?
8
What is the thousands digit of 52951807?
1
What is the units digit of 398104776?
6
What is the hundreds digit of 70312961?
9
What is the hundred millions digit of 2035648481?
0
What is the tens digit of 40728094?
9
What is the units digit of 37830353?
3
What is the hundred thousands digit of 36016379?
0
What is the ten thousands digit of 1020742850?
4
What is the units digit of 178542682?
2
What is the tens digit of 1022913917?
1
What is the tens digit of 2322810543?
4
What is the ten millions digit of 503309328?
0
What is the units digit of 200528313?
3
What is the thousands digit of 90509051?
9
What is the hundreds digit of 20513521?
5
What is the tens digit of 7507571275?
7
What is the thousands digit of 280651658?
1
What is the tens digit of 3015664518?
1
What is the ten thousands digit of 69100547?
0
What is the hundred thousands digit of 64856300?
8
What is the hundreds digit of 622025073?
0
What is the ten thousands digit of 126330285?
3
What is the ten thousands digit of 847446974?
4
What is the tens digit of 81826268?
6
What is the units digit of 108260623?
3
What is the units digit of 143172565?
5
What is the units digit of 6836574971?
1
What is the hundred millions digit of 2242294875?
2
What is the units digit of 1163248476?
6
What is the units digit of 7098488?
8
What is the ten millions digit of 51983479?
5
What is the millions digit of 443924856?
3
What is the billions digit of 1579860348?
1
What is the tens digit of 4758018601?
0
What is the tens digit of 756248513?
1
What is the hundreds digit of 4009752384?
3
What is the billions digit of 1304788951?
1
What is the hundred thousands digit of 2106643189?
6
What is the hundreds digit of 73489239?
2
What is the ten millions digit of 159384574?
5
What is the ten millions digit of 132940000?
3
What is the millions digit of 2999482042?
9
What is the ten thousands digit of 733445176?
4
What is the hundred millions digit of 714336523?
7
What is the units digit of 289306714?
4
What is the millions digit of 2821653733?
1
What is the tens digit of 9915806?
0
What is the millions digit of 194945739?
4
What is the tens digit of 138556822?
2
What is the millions digit of 518500848?
8
What is the units digit of 22387858?
8
What is the hundred millions digit of 571966720?
5
What is the ten thousands digit of 1110928582?
2
What is the units digit of 720837209?
9
What is the hundred millions digit of 1057505589?
0
What is the ten thousands digit of 293737129?
3
What is the ten millions digit of 40519928?
4
What is the thousands digit of 209140313?
0
What is the ten thousands digit of 4429032?
2
What is the millions digit of 919867219?
9
What is the hundred millions digit of 125186700?
1
What is the tens digit of 253656094?
9
What is the units digit of 1584798686?
6
What is the units digit of 2127205253?
3
What is the millions digit of 192213459?
2
What is the ten thousands digit of 2911889110?
8
What is the units digit of 1457985788?
8
What is the hundreds digit of 7791899?
8
What is the ten thousands digit of 417104822?
0
What is the hundreds digit of 368778595?
5
What is the billions digit of 2843744474?
2
What is the ten millions digit of 244801528?
4
What is the ten millions digit of 1617221498?
1
What is the units digit of 240925411?
1
What is the millions digit of 25893368?
5
What is the hundred millions digit of 368365594?
3
What is the tens digit of 256117554?
5
What is the hundreds digit of 27699223?
2
What is the ten millions digit of 1452048849?
5
What is the millions digit of 1197758782?
7
What is the units digit of 47082041?
1
What is the hundred millions digit of 199926149?
1
What is the hundred millions digit of 177892430?
1
What is the tens digit of 905822429?
2
What is the hundred millions digit of 848522589?
8
What is the hundreds digit of 4067360732?
7
What is the tens digit of 669079398?
9
What is the ten millions digit of 109731883?
0
What is the thousands digit of 190639182?
9
What is the units digit of 28876051?
1
What is the thousands digit of 270343806?
3
What is the tens digit of 112229669?
6
What is the hundreds digit of 807038238?
2
What is the hundred millions digit of 189969869?
1
What is the hundred thousands digit of 5000349?
0
What is the ten thousands digit of 148983032?
8
What is the tens digit of 2165583743?
4
What is the hundred thousands digit of 105801159?
8
What is the hundred thousands digit of 472002286?
0
What is the ten thousands digit of 612966706?
6
What is the hundred thousands digit of 89291506?
2
What is the ten millions digit of 86273838?
8
What is the hundred millions digit of 120567603?
1
What is the hundreds digit of 646891413?
4
What is the thousands digit of 13613875?
3
What is the billions digit of 2394594510?
2
What is the hundred thousands digit of 1268409794?
4
What is